he prime factors of o.
2, 3
Let f be ((-24)/(-2))/(-4) + 7. Let r be (-10)/(48/21 + f/(-14)). What are the prime factors of 93 - (3/15 - (-11)/r)?
5, 19
Suppose -3*o - 3*s = -96 - 87, -3*s - 345 = -5*o. Suppose -63*b = -o*b. Suppose 5*x - 305 - 135 = b. List the prime factors of x.
2, 11
Suppose 0 = s + x - 8917, -1834 = -s + 5*x + 7107. List the prime factors of s.
11, 811
Let b be ((10/7)/10)/(4/(-28)). Suppose 4*y = 8, 0 = -5*w - 0*y + 2*y + 186. What are the prime factors of w + -40 + (123 - 0/b)?
11
Suppose 587492 = 301*a - 6545004. List the prime factors of a.
2, 1481
List the prime factors of (-13015)/(-2) - -8*5/(-80).
3, 241
Suppose 799*j + 5449572 = 907*j. List the prime factors of j.
50459
Let z(l) = 8*l**3 + 3*l**3 - 15*l - 34 + 7*l**2 + 67 - 3*l**3 - 26. What are the prime factors of z(3)?
241
List the prime factors of 115050/12 - ((-3)/2 - (-66)/22).
2, 4793
Let y = -18108 - -23863. What are the prime factors of y?
5, 1151
Let j(k) = 5*k**2 - 2*k - 2. Let m be j(-2). Let c = -3328 + 3341. Suppose c*o + 2322 = m*o. List the prime factors of o.
2, 3, 43
Let o = -3949 + 10069. List the prime factors of o.
2, 3, 5, 17
Let m be (-2)/(-3 + (-28)/(-10)). Suppose -2 + m = -4*i, -2*x + 144 = 3*i. Let s = x + 5. List the prime factors of s.
2, 5
What are the prime factors of -9*(2573760/(-1350) + (-4)/10)?
2, 8581
Let h(n) = 23*n**2 - 112 + n**3 + 52 + 8*n + 54. List the prime factors of h(-22).
2, 151
Let o = -423 + 436. Suppose 0 = 2*h - 1355 + 341. Suppose 0 = -o*q + 2236 - h. What are the prime factors of q?
7, 19
Suppose 191*h = 196*h - 70. Suppose -h*z + 1832 = -6*z. What are the prime factors of z?
229
Let p(y) = -y + 4. Let i be p(0). Suppose -4 = -2*o - i*b, 4*b = -4*o + o + 16. Let z = 73 - o. List the prime factors of z.
61
Let s(r) be the first derivative of 7*r**4/4 + r**3 + 13*r**2/2 - 6*r - 88. What are the prime factors of s(5)?
1009
Let w = 886 - 571. Let g = w - 36. What are the prime factors of g?
3, 31
Suppose -4*v + 3*v + 6643 = -1383. List the prime factors of v.
2, 4013
Suppose 3*q = f + 26, -q - 5*f - 10 = -10*f. Let u(i) = i**3 - 9*i**2 - 7*i + 13. Let p be u(q). Suppose -2*g = -165 + p. What are the prime factors of g?
61
Suppose 2*n - 381 = -0*f + 3*f, 544 = 3*n + f. Suppose 189 = -4*z - v, -3*v - n = 6*z - 2*z. Let x = 153 - z. What are the prime factors of x?
3, 67
Suppose -10*t = -3*t + 7. Let y be (-8)/(-9) - t/9. Let f(w) = -w**3 + 3*w**2 - w + 1. List the prime factors of f(y).
2
Let p = 236 - 243. Let g(m) = 15*m**2 + 9*m + 60. List the prime factors of g(p).
2, 3, 61
Suppose b - 3*v - 25 + 1 = 0, -b = -2*v - 24. Let h(d) = -9 - 9 - 5 + b*d. List the prime factors of h(7).
5, 29
What are the prime factors of 0/5 + 9 + -11 - -14102?
2, 3, 5, 47
Suppose 0 = -5*f - 5*v + 22 + 8, -5*v = -2*f - 16. Suppose 4*x - 1583 = 5*c + 356, f*c + 1930 = 4*x. What are the prime factors of x?
13, 37
Let x(u) = -1281*u + 1507. List the prime factors of x(-6).
29, 317
What are the prime factors of 2*27249 + (140/(-20) - 2)?
3, 41, 443
Let p(y) = 3*y**2 + 25*y + 2. Let d(c) = c**2 + c + 2. Let j(r) = -4*d(r) + p(r). What are the prime factors of j(15)?
2, 3, 7
Suppose -20*y = -349*y + 4700774 - 1166656. What are the prime factors of y?
2, 41, 131
Let l(v) = -2848*v + 332. What are the prime factors of l(-2)?
2, 11, 137
Suppose 157*r = -45*r + 9*r + 6185071. What are the prime factors of r?
73, 439
Suppose -11*c + 480 = -17*c. List the prime factors of (c/12)/10*-252.
2, 3, 7
Let s(b) = -106*b + 566. List the prime factors of s(-11).
2, 433
Let j(z) = 40*z + 124. Let l be j(-3). Suppose l*w + 4*c - 3146 = 5*c, 4*w - 3156 = -4*c. List the prime factors of w.
787
Let y be 92/(-8) - (1 + 1/(-2)). Let p(i) = 2*i**2 + 12*i + 68. What are the prime factors of p(y)?
2, 53
Suppose 0 = -103*x + 5*x - 111*x + 13533795. What are the prime factors of x?
3, 5, 1439
Let z = 23893 - 13312. What are the prime factors of z?
3, 3527
Suppose 297*v + 11935 = 302*v. List the prime factors of v.
7, 11, 31
Suppose -78*b + 82*b = y - 89833, -3*b + 89784 = y. What are the prime factors of y?
3, 5, 5987
Suppose 7*p + 15 = 12*p. Let d(m) = -m**2 + 7*m - 9. Let a be d(3). Suppose a*n - 258 = -p*n. List the prime factors of n.
43
Let j = -89 + 92. Suppose 858 = 3*t + 5*l, -t = j*l - 168 - 114. What are the prime factors of t?
3, 97
Suppose -3*p + 18 = 9*d - 8*d, 3*d - p - 34 = 0. What are the prime factors of ((-16)/d)/(2*1/(-453))?
2, 151
Suppose -2*t = 2*g - 6, 4*g - 12 = t + 4*t. Suppose -m = g*s - 569 + 31, -3*m + 3*s + 1614 = 0. What are the prime factors of m?
2, 269
Let j be 7*(-6 + (3 - -4)). Suppose 0 = -j*f - 1909 + 5360. List the prime factors of f.
17, 29
List the prime factors of ((-7287)/14 - -6)*-14.
3, 7
Let i = 16326 - 10789. List the prime factors of i.
7, 113
Let j be -1*9/((-36)/20). Suppose -b = -2*w + 944, -8*w + 7*w + j*b + 481 = 0. What are the prime factors of w?
3, 157
Let x be 3 + (2 - -1 - 2). Suppose 3*a + 1 - 4 = 0, -4*a - 2044 = -4*q. List the prime factors of x/6 - q/(-6).
2, 43
Let j(z) = -z + 9. Let r be j(8). Let x be 8/6*(r + 2). Suppose 0 = 5*y + x*l - 104, -2*l - 3*l + 5 = 0. List the prime factors of y.
2, 5
Let h(r) = 14*r - 7. Let q(d) = -d**3 - 3*d**2 - 3*d - 3. Let l be q(-2). Let z be 4 - (l + (1 - 1)). What are the prime factors of h(z)?
3, 7
Let f(y) = 199*y**3 - 710*y**2 + 26*y + 14. List the prime factors of f(7).
3, 7, 229
Let f = 396 + -280. Let b = f + -108. Let p = 37 - b. What are the prime factors of p?
29
Let u(z) = 6*z**3 + 5*z**2 - 6*z. Let t be u(1). Suppose 4*l = 3*q + 1952, -t*l = 3*q - 0*q - 2467. Let b = l + -318. List the prime factors of b.
173
List the prime factors of 828 + ((-99)/81)/11*-9.
829
Let y(j) = 82*j + 3024. Let b be y(-40). Suppose -2*f + 48 - 146 = 0. Let t = f - b. What are the prime factors of t?
3, 23
Suppose 176297 = 88*i - 345365 - 86682. What are the prime factors of i?
31, 223
Let z(y) = 368*y - 11. Let w = -206 + 208. List the prime factors of z(w).
5, 29
Suppose -2*a - 4*n + 244 = 0, 0*a - n + 125 = a. Let r = 378 - a. List the prime factors of r.
2, 5
Suppose -8*c - 105 = -11*c. Let u = 144 + c. What are the prime factors of u?
179
List the prime factors of -7 + (-3 + -5 - (-27 - 9238)).
2, 5, 37
Let w be 240/90*(-1 + 2/(-4)). What are the prime factors of 2*((w - -736) + 7)?
2, 739
Let y be 4128/(-24)*((-3)/4)/3. Suppose -y*a - 570 = -53*a. What are the prime factors of a?
3, 19
Let v be 3708/28 + 0 + 3/(-7). What are the prime factors of ((-693)/v)/((-1)/12 + 0)?
3, 7
Let k be (1 - (-17)/(-5))/((-1)/105). Suppose -l - k = -5*d, 0*l - 2*l = 2*d - 108. Let q = -23 + d. List the prime factors of q.
2, 7
Let z be (0 - 17) + (10 - (-7)/(-1)). List the prime factors of z*(-79)/4*2.
7, 79
Let q = -19964 + 54941. List the prime factors of q.
3, 89, 131
Let q(a) = -5456*a + 4303. List the prime factors of q(-8).
47951
Let k(z) = z**3 - 6*z**2 - 3*z + 9. Let g be k(6). Suppose 0 = -84*b + 94*b + 780. Let o = g - b. What are the prime factors of o?
3, 23
Suppose -3741*w + 8870 = 5*g - 3746*w, 0 = 5*g - w - 8854. List the prime factors of g.
2, 3, 5, 59
Suppose -1356 = -8*m + 2356. What are the prime factors of m?
2, 29
Let i = -25295 + 37835. List the prime factors of i.
2, 3, 5, 11, 19
Let n be (-162)/(-4) + 3/(-6). Suppose 44*l - n*l - 5*j = 5209, 4*j = -5*l + 6460. List the prime factors of l.
2, 3
Suppose 7*x = 6*x + 259. Let f be (5 + -3)*10*-2. Let w = x + f. What are the prime factors of w?
3, 73
Suppose 168 = -22*s - 8. List the prime factors of (6 + (-3255)/10)/(6/s).
2, 3, 71
Suppose 8 = 25*u - 21*u. Suppose u*f + 3*l = 21, 0 = -f - 2*l - 3*l - 7. List the prime factors of f.
2, 3
What are the prime factors of -5 - -1 - (62166/13)/(-2)?
7, 11, 31
Let i be -2*(-5 - (11 - 4)). Let g = -64 + i. List the prime factors of 1/4 + (-8190)/g.
5, 41
Let v = 46157 - 17248. List the prime factors of v.
28909
Suppose 18*p = 12192 - 1374. Let c = p + -291. What are the prime factors of c?
2, 5, 31
Let n(o) = -160*o + 1401. What are the prime factors of n(-27)?
3, 1907
Let m = -70902 - -116340. What are the prime factors of m?
2, 3, 7573
Let o = -79 - -34. Let i = o + 47. Suppose -2*p = -2*z + 28, -4*p + 28 = i*z - p. List the prime factors of z.
2, 7
Let g = -485 - -728. Suppo